{"id":102,"date":"2018-11-20T16:24:58","date_gmt":"2018-11-20T16:24:58","guid":{"rendered":"http:\/\/omio.tommusdemos.wpengine.com\/?post_type=portfolio&#038;p=19"},"modified":"2022-03-13T07:08:30","modified_gmt":"2022-03-13T07:08:30","slug":"bmw","status":"publish","type":"portfolio","link":"https:\/\/tora.sk\/index.php\/portfolio\/bmw\/","title":{"rendered":"Predstavenie novej BMW 7"},"content":{"rendered":"<p>BMW Private Room. Predpremi\u00e9ra uvedenia na trh nov\u00e9ho modelu \/ vlajkovej lode BMW, BMW rady 7. V.I.P podujatie pre top partnerov a z\u00e1kazn\u00edkov zna\u010dky.<\/p>\n<div class=\"clearfix\"><\/div>","protected":false},"excerpt":{"rendered":"<p>BMW Private Room. Predpremi\u00e9ra uvedenia na trh nov\u00e9ho modelu \/ vlajkovej lode BMW, BMW rady 7. V.I.P podujatie pre top partnerov a&#8230;<\/p>\n","protected":false},"author":1,"featured_media":779,"comment_status":"closed","ping_status":"closed","template":"","format":"standard","portfolio_category":[11],"class_list":["post-102","portfolio","type-portfolio","status-publish","format-standard","has-post-thumbnail","hentry","portfolio_category-event"],"_links":{"self":[{"href":"https:\/\/tora.sk\/index.php\/wp-json\/wp\/v2\/portfolio\/102","targetHints":{"allow":["GET"]}}],"collection":[{"href":"https:\/\/tora.sk\/index.php\/wp-json\/wp\/v2\/portfolio"}],"about":[{"href":"https:\/\/tora.sk\/index.php\/wp-json\/wp\/v2\/types\/portfolio"}],"author":[{"embeddable":true,"href":"https:\/\/tora.sk\/index.php\/wp-json\/wp\/v2\/users\/1"}],"replies":[{"embeddable":true,"href":"https:\/\/tora.sk\/index.php\/wp-json\/wp\/v2\/comments?post=102"}],"version-history":[{"count":3,"href":"https:\/\/tora.sk\/index.php\/wp-json\/wp\/v2\/portfolio\/102\/revisions"}],"predecessor-version":[{"id":850,"href":"https:\/\/tora.sk\/index.php\/wp-json\/wp\/v2\/portfolio\/102\/revisions\/850"}],"wp:featuredmedia":[{"embeddable":true,"href":"https:\/\/tora.sk\/index.php\/wp-json\/wp\/v2\/media\/779"}],"wp:attachment":[{"href":"https:\/\/tora.sk\/index.php\/wp-json\/wp\/v2\/media?parent=102"}],"wp:term":[{"taxonomy":"portfolio_category","embeddable":true,"href":"https:\/\/tora.sk\/index.php\/wp-json\/wp\/v2\/portfolio_category?post=102"}],"curies":[{"name":"wp","href":"https:\/\/api.w.org\/{rel}","templated":true}]}}

<p>BMW Private Room. Predpremiéra uvedenia na trh nového modelu / vlajkovej lode BMW, BMW rady 7. V.I.P podujatie pre top partnerov a zákazníkov značky.</p>
<div class="clearfix"></div>

<p>BMW Private Room. Predpremiéra uvedenia na trh nového modelu / vlajkovej lode BMW, BMW rady 7. V.I.P podujatie pre top partnerov a&#8230;</p>
